ate the highest common divisor of i and 105.
21
Let r be (-2 + 14)*(-3)/(-6). Let w be -8*((-45)/r)/3. Calculate the highest common factor of w and 160.
20
Suppose 34 = -3*v - 4*j - 9, 0 = 5*j - 25. Let o = 23 - v. What is the highest common factor of o and 11?
11
Let x be 4/(6/(-3)*1). Let f(d) = -15*d**3 + d**2 + 2*d + 3. Let z be f(x). Suppose 3*c = 69 + z. What is the greatest common divisor of c and 16?
16
Suppose 3*y = 4*b - 3423, 5*b + 985 = 3*y + 5266. What is the greatest common divisor of b and 78?
78
Let w be ((-56)/21)/(4/(-18)). Let k be 2/w - (-395)/(-30). Let d = k - -25. What is the greatest common factor of 12 and d?
12
Let t(k) = 4*k**2 - 12*k - 6. Let i be t(6). Calculate the greatest common factor of 165 and i.
33
Let s be ((-39)/9)/(4/(-12)). Suppose -3*p + 19 = v, 0*p = 5*v + 3*p - 59. Let y = s + v. What is the greatest common factor of y and 207?
23
Let b(o) = 2*o**2 + o - 14. Let m be b(-4). Let h be ((-20)/4 - -6)*m. Calculate the highest common factor of 182 and h.
14
Suppose -5*w + 2*s = 7*s - 110, -8 = 4*s. What is the highest common factor of 60 and w?
12
Let s(g) = -34*g - 46. Let c be s(-2). Calculate the greatest common divisor of 2 and c.
2
Suppose -2 = l + 3, 15 = -5*d + 3*l. Let v be d/3*(-27)/(-2). Let o be (20/(-6))/(9/v). Calculate the highest common factor of o and 10.
10
Suppose 39*u - 5376 = 11*u. Calculate the greatest common factor of 64 and u.
64
Let h = 6 + -1. Suppose -2*w - 12 - h = -3*c, -w + 9 = 2*c. Let t be 75 - (c - (-6)/(-3)). Calculate the highest common factor of 12 and t.
12
Let a(k) = 2*k**2 + 5*k - 1. Let m be a(4). Suppose 4 = 17*p - 92 - 193. Calculate the highest common divisor of p and m.
17
Suppose z = -3*z - 36. Let h(s) = -s**3 - 12*s**2 + 13*s - 4. Let p be h(-13). Let m = p - z. Calculate the greatest common divisor of 40 and m.
5
Let g be 68/16 + 1/(-4). Let v = 9 - g. Suppose 4*b - 2*f = 176, -v*f - 40 = -b + 4. What is the highest common factor of b and 11?
11
Let o(p) = 12*p - 76. Let c be o(15). Calculate the greatest common factor of c and 40.
8
Suppose -2*q + 29 = r, -q = 4*r - 2*q - 125. Calculate the greatest common divisor of 992 and r.
31
Let f(v) = -2*v**3 + 4*v**2 + 4*v - 1. Let k be f(-3). What is the greatest common divisor of k and 11?
11
Let l be (-2)/(-3) - 16/(-3). Let s be 126/(-28)*(110/(-18) - -3). Calculate the greatest common factor of l and s.
2
Let x be 380/7 + 6/(-21). Suppose 4*r + 272 = 4*t, 0 = 2*t + t + 3*r - 186. Let o be 20/6*351/t. Calculate the highest common divisor of x and o.
18
Suppose -73*a - 5*p = -77*a + 1730, 0 = -a - 3*p + 424. Calculate the greatest common factor of a and 86.
86
Let n(q) = -q**3 - 8*q**2 - 21*q + 52. Let z be n(-10). Calculate the highest common factor of z and 168.
42
Let a(q) = -q**2 + 11*q. Let t be a(8). Let y(i) = 22*i + 597. Let v be y(-27). Calculate the highest common factor of t and v.
3
Suppose -115*c = -120*c + 190. What is the greatest common divisor of c and 114?
38
Let v = 1 - 1. Suppose v = -6*t + 6 + 48. Calculate the highest common factor of t and 63.
9
Suppose -2*q - 200 = -5*k, -2*q = -k - 2*k + 116. Let n(s) = -s**2 + 13*s + 548. Let p be n(26). What is the highest common divisor of k and p?
42
Suppose 4*r = -3*g + r - 15, 4*g + 24 = -2*r. Let z(j) = j**3 + 7*j**2 - 3*j + 3. Let d be z(g). What is the highest common divisor of d and 3?
3
Let h be (-104)/(-12)*(-5)/(-2)*3. What is the greatest common divisor of 13 and h?
13
Let l(w) = 23*w**2 - 3 - 11*w**2 + 4*w + 18*w**2 - 14*w. Let a be l(-3). Calculate the greatest common factor of a and 27.
27
Let t be 0 + 20/5 + (6 - 0). Calculate the highest common factor of t and 130.
10
Let t be (-1)/((-2)/8) - -1. Suppose -t*h - 5*j - 25 = 0, 25 = -0*h + 2*h - 5*j. Suppose 3*o - 23 - 4 = h. What is the highest common factor of 9 and o?
9
Suppose 3*r - 2*r + 1 = 0, 5*j - r - 161 = 0. Suppose -9*c + 10*c = 8. Let v be (c/(-12))/(1/(-6)). Calculate the highest common divisor of v and j.
4
Suppose 10 = -4*z + 18. Suppose 0 = z*j - 0*j + 4*h - 110, 2*j - 150 = 4*h. Let t be (26 - -2) + -2*1. What is the highest common factor of j and t?
13
Let o be (-3 + 99/6)*14. What is the greatest common divisor of o and 21?
21
Suppose -3*i + 14 = -h, -4*h + 10 = 5*i + h. Suppose -4*z = -g - 151, i*z - g = z + 113. Let k = 157 + -62. What is the greatest common divisor of k and z?
19
Let w = 2 - -54. Let f be 32 + 2/4 + (-4)/8. Let k = f + -25. What is the highest common factor of w and k?
7
Let m be 1 + 0 + 0 + 1 + 8. Suppose 2*j = -3*j + m. Let b be -2 - 1*(-2 + -3). What is the highest common divisor of j and b?
1
Let z = 9 - 17. Let b(p) = 2*p**3 + 3*p**2 + 2*p + 4. Let l be b(-2). Let w be 2*z/(8/l). What is the greatest common factor of 64 and w?
8
Let p be (651/(-49) + 15)/((-1)/(-56)). What is the greatest common factor of p and 336?
48
Suppose m = 4*a - 62, 36 = 2*a + 2*m - 0*m. Calculate the highest common divisor of 52 and a.
4
Let y(o) = o**2 + 6*o - 4. Suppose 0 = -2*m - 2 + 4. Let g be (-18)/4*(m - -1). Let v be y(g). Calculate the greatest common factor of 115 and v.
23
Suppose 31*v + 21*v = 18720. Calculate the highest common divisor of 200 and v.
40
Let x(l) = l**3 + 18*l**2 + 7*l - 45. Let h be x(-17). Calculate the highest common divisor of h and 25.
25
Let d(w) = 91*w**2 - w. Let y be (8/(-6))/(((-8)/6)/1). Let f be d(y). Calculate the greatest common divisor of f and 18.
18
Let f be 7*26/3*(-51)/(-34). What is the greatest common factor of 7 and f?
7
Suppose y + 4 = 4*q, -68 = -4*y - 3*q - 2*q. Suppose -k - z + 30 = 0, 0 = -k + 5*k - z - 125. Let h = k + 5. What is the highest common divisor of y and h?
12
Let b = -1236 + 1972. Calculate the greatest common factor of b and 32.
32
Let q be 8/(-6)*(-1 - 172/8). Let a = 78 + -18. Calculate the greatest common divisor of q and a.
30
Let q = 27 + -24. Suppose -q*s + 5*y = -685, -2*s + 875 = 2*s + y. What is the highest common factor of s and 20?
20
Let p = 136 + -11. Let r = p - 99. What is the greatest common divisor of 130 and r?
26
Suppose -2*g + 6 = -5*a, 4*g - 5*a - 14 = -2. Suppose 24 = g*d - 42. What is the highest common divisor of d and 44?
22
Let b = 717 - 173. What is the highest common factor of b and 32?
32
Suppose 14*m - 36 = 2*m. Let n(g) = g - 4*g**3 + 25 + 3*g**3 - 6 + 11*g**2 - 27*g**2. Let b be n(-16). Calculate the highest common factor of b and m.
3
Suppose -4*g - 470 = -5*u + 82, 104 = u - 4*g. What is the highest common factor of 84 and u?
28
Suppose 2*w + 4 = 0, -4*w - 5 = 2*n - 213. Suppose 4*d + 4*m - 112 = 0, 3*d - 4*m = 109 - 32. Calculate the greatest common divisor of n and d.
27
Let k be (-2)/15 + 186/45. Suppose 5*z - 3*i = -5*i + 501, 0 = -k*z - 3*i + 405. Calculate the highest common divisor of 11 and z.
11
Suppose 16 = 10*i + 256. Let c be ((-632)/i)/((-2)/(-18)) + 1. Calculate the highest common divisor of 34 and c.
34
Suppose -k - c + 16 = 4*k, -c = 4. Suppose k*z - 35 - 69 = 0. Calculate the highest common factor of z and 2.
2
Let p(z) = -z + 1. Let t be p(-3). Suppose 2*h + 6 + 8 = 0. Let y be (0 - h) + -1 + -2. Calculate the highest common factor of t and y.
4
Suppose 4*w = -5*f + 43, 5*w = w + 2*f + 50. Calculate the highest common factor of 128 and w.
4
Suppose -4*w = w + 85. Let s = -14 - w. What is the highest common factor of s and 33?
3
Let w be 38 - (0 - 0 - 0). Let s = -68 + 53. Let l be s + 12 - ((-21)/1 - 1). Calculate the highest common factor of l and w.
19
Let x be (-4)/(-26) + (-256)/(-26). Suppose x = 2*t - t. Let p = t - 9. Calculate the greatest common factor of 11 and p.
1
Suppose -4*z - 2*r = r - 266, 3*z = 4*r + 212. Let w(c) = -c + 4. Let n be w(0). Calculate the greatest common factor of n and z.
4
Let x(r) = -8*r**2 + 3*r + 3. Let m be x(-1). Let o = m + 15. What is the highest common factor of o and 21?
7
Let p = -32 + 54. Let f = 20 - 15. Suppose 0*g + s = -3*g + f, -2*g + s = -5. Calculate the highest common divisor of g and p.
2
Suppose -16*p - 10*p + 1638 = 0. Suppose 21 = 5*g - 24. What is the greatest common divisor of g and p?
9
Let d(z) be the second derivative of -4*z**3/3 - 4*z**2 + 2*z. Let n be d(-2). What is the greatest common divisor of 128 and n?
8
Suppose -t = -5*t - 32. Let p be (12/(-4) + t)/(-1). What is the greatest co